is 5733077 - -40?
5733127
In base 12, what is -5 - -4942269?
4942264
In base 6, what is 431 + -220204?
-215333
In base 11, what is 3 - -236a56?
236a59
In base 16, what is 21 + 8084?
80a5
In base 14, what is -6a5 + -a64b5?
-a6b7a
In base 16, what is -cd5c - -46?
-cd16
In base 4, what is -1122320 - 23023211?
-30212131
In base 14, what is -4d4 - -8bc4?
86d0
In base 6, what is -10 - 11213442?
-11213452
In base 2, what is 101110011111111100100001 - -100?
101110011111111100100101
In base 13, what is 587a51 - 4?
587a4a
In base 11, what is 517340a3 + -4?
5173409a
In base 14, what is -46b7b + -572?
-4730d
In base 11, what is 76 + 216212?
216288
In base 12, what is -26 - -355154?
35512a
In base 13, what is 1638 - 555?
10b3
In base 10, what is -1 - -8612199?
8612198
In base 16, what is 2cce7 + -64?
2cc83
In base 3, what is 11020001010110 - 11?
11020001010022
In base 10, what is 95918 - -246?
96164
In base 4, what is 1032332 - 123132?
303200
In base 16, what is 3f7 + 1840c?
18803
In base 9, what is 30170 + 4243?
34423
In base 7, what is 0 - -223441053?
223441053
In base 16, what is f2e2 - 5?
f2dd
In base 11, what is -9a - -77462?
77373
In base 5, what is -34004 - 41444?
-131003
In base 4, what is -1010300030030 - 1?
-1010300030031
In base 12, what is -488a4b - 6b?
-488aba
In base 5, what is -1242112221312 - 3?
-1242112221320
In base 3, what is -1222010201100021 - -22?
-1222010201022222
In base 11, what is 46 + -269893?
-269848
In base 10, what is 1 + -2965369?
-2965368
In base 3, what is 1012222022001001 - -2?
1012222022001010
In base 16, what is 224217 + 7?
22421e
In base 11, what is a7333 - -318?
a7650
In base 8, what is -63 + -363102?
-363165
In base 3, what is 1122012002202 - 1110?
1122012001022
In base 5, what is -242244 + -1123?
-243422
In base 4, what is 121110113101 - -2?
121110113103
In base 5, what is -224211101134 + -12?
-224211101201
In base 5, what is 31 - 131311142?
-131311111
In base 7, what is 144 - -1365143?
1365320
In base 3, what is 100222112 + -2001011110?
-1200011221
In base 7, what is 2452052 - -3641?
2456023
In base 4, what is -33123300011 - -121?
-33123233230
In base 12, what is 6 - -489431?
489437
In base 13, what is 34562 + -2718?
31b47
In base 10, what is 16581 + 48?
16629
In base 6, what is 525 + 453251322?
453252251
In base 6, what is -3 - 4232115233?
-4232115240
In base 7, what is 4305325 - -604?
4306232
In base 2, what is -10110100001011001 + 10000?
-10110100001001001
In base 10, what is -72418881 + -2?
-72418883
In base 2, what is -1000101001101010010011101 - 111?
-1000101001101010010100100
In base 7, what is 2615301610 + -5?
2615301602
In base 2, what is 101 - -111010000111110110111001?
111010000111110110111110
In base 4, what is -221303130032 + -103?
-221303130201
In base 10, what is -5 - 97064617?
-97064622
In base 6, what is -13324 + 322355?
305031
In base 10, what is 2652 + 1214?
3866
In base 13, what is -25 - -181c40?
181c18
In base 16, what is -df + 70c7?
6fe8
In base 10, what is 731 - 59072?
-58341
In base 8, what is -43 - -123327?
123264
In base 7, what is -2005 + -155103?
-160111
In base 6, what is -5 - 13333542?
-13333551
In base 6, what is 25002 - -1102?
30104
In base 16, what is -544 + -163b3?
-168f7
In base 15, what is -5 - -315c9?
315c4
In base 15, what is -3774 - -5c2?
-31a2
In base 14, what is 224d95 - 196?
224bdd
In base 6, what is -24210450 + 121?
-24210325
In base 11, what is -1 + -1134aa0?
-1134aa1
In base 7, what is -156663 - -10665?
-145665
In base 4, what is -3231012102 + -10000?
-3231022102
In base 8, what is 3714513543 + 3?
3714513546
In base 8, what is 55 - -431471?
431546
In base 11, what is 1a8003 + -26?
1a7a88
In base 6, what is 21 + 5553052430?
5553052451
In base 2, what is 1001010110100010 + -100010100?
1001010010001110
In base 9, what is -21725 + 508?
-21216
In base 7, what is -1 - 26043001?
-26043002
In base 16, what is -3d - aa?
-e7
In base 7, what is -2565464351 + 5?
-2565464343
In base 9, what is -30175 + -625?
-30811
In base 2, what is -100001111 + 11010111011010?
11010011001011
In base 9, what is 507003 - 14?
506878
In base 6, what is 31155055 - -30?
31155125
In base 16, what is -5 + ffc92b?
ffc926
In base 5, what is 214224204 - 3?
214224201
In base 2, what is 110000 + -1100111000110000?
-1100111000000000
In base 13, what is -415a6 - -5b?
-41548
In base 5, what is 113 + 10204214?
10204332
In base 6, what is -33403424205 - 0?
-33403424205
In base 13, what is -169a9 - -a?
-1699c
In base 8, what is -342225 - 5710?
-350135
In base 7, what is 1260 + -4132665?
-4131405
In base 10, what is 7271 - 767?
6504
In base 3, what is -110020212 - 100220222?
-211011211
In base 4, what is 323 - -32020003?
32020332
In base 2, what is 1101011 - 10001101100111100010?
-10001101100101110111
In base 6, what is -4 + -35014112300?
-35014112304
In base 2, what is -1010 - -10001111100000000000110?
10001111011111111111100
In base 16, what is 430e403 + 2?
430e405
In base 3, what is -21 + -1002222122010?
-1002222122101
In base 6, what is -324234 + 11250?
-312544
In base 14, what is -4562 - -b4?
-448c
In base 14, what is 81437 + -51?
813c6
In base 6, what is 4420005110 - -2?
4420005112
In base 4, what is -2020 - 31303?
-33323
In base 3, what is 2021111002112122 + 100?
2021111002112222
In base 3, what is -11002211100122020 + -11?
-11002211100122101
In base 11, what is 6 + -1707a711?
-1707a706
In base 7, what is 2 + 323355203?
323355205
In base 4, what is -301 - 1031033?
-1032000
In base 15, what is -2 - 51a2b8d?
-51a2b90
In base 2, what is 1011101110100111110000 - 11?
1011101110100111101101
In base 9, what is 218583047 + 3?
218583051
In base 4, what is 3113022211 + 11231?
3113100102
In base 12, what is -a150 + -9b22?
-18072
In base 13, what is 2 - -14081c8?
14081ca
In base 10, what is 41 - 232057?
-232016
In base 6, what is -31401 - 25552?
-101353
In base 4, what is -2002321323 - -31?
-2002321232
In base 16, what is da3 + -ddf?
-3c
In base 14, what is 0 + -24aa0?
-24aa0
In base 3, what is 11002001022100021 + 2?
11002001022100100
In base 11, what is -5 - 252aa00?
-252aa05
In base 16, what is -7 + 58858?
58851
In base 3, what is 1102022102 + 201110002?
2010202111
In base 13, what is 10859b - 283?
108318
In base 3, what is 2021111220022 + -11?
2021111220011
In base 14, what is -1 + -17a3d900?
-17a3d901
In base 10, what is 35454508 - 2?
35454506
In base 7, what is 135144 + -152533?
-14356
In base 13, what is -1b5 - -7585?
73a0
In base 4, what is 10311303102 - -13?
10311303121
In base 3, what is -1002200021100 - -2020?
-1002200012010
In base 7, what is 2301415005 - -3?
2301415011
In base 14, what is ab + -17352?
-17285
In base 16, what is -11 + 7a08?
79f7
In base 10, what is 3 + 23006887?
23006890
In base 13, what is -2a317c8 - 7?
-2a31802
In base 9, what is -807 + 10436?
8528
In base 14, what is 44d895 - -1?
44d896
In base 10, what is -5 + 8635671?
8635666
In base 10, what is 494 + -2437?
-1943
In base 11, what is 4071 + 19658?
22719
In base 16, what is -1e0a + -4909?
-6713
In base 10, what is -1 + -244151?
-244152
In base 4, what is 102 + -123023102110?
-123023102002
In base 2, what is 100111011 + -10111110010101010100?
-10111110010000011001
In base 8, what is -4 + 2700571246?
2700571242
In base 4, what is 11232 + 11133123232?
11133201130
In base 6, what is 4105 - 2431550?
-2423441
In base 11, what is 45 + 8003?
8048
In base 3, what is 11102102212 - 2011110?
11100021102
In base 7, what is 110 + 3450336?
3450446
In base 7, what is 66166543 + -166?
66166344
In base 5, what is -222 - -421233411?
421233134
In base 2, what is -1011010010101110 + 1000011011?
-1011001010010011
In base 10, what is -793 - -110547?
109754
In base 13, what is -c202744 - 3?
-c202747
In base 5, what is -14111034330 - 4?
-14111034334
In base 13, what is 2c - -179358?
179387
In base 9, what is -2282 + -1666?
-4058
In base 3, what is -210101212020 - -120?
-210101211200
In base 9, what is 10406 + 1162?
11568
In base 4, what is -121130 - -1010110?
222320
In base 2, what is -1000010001 + -110010110010101?
-110011110100110
In base 4, what is 11301303 - -2010332?
13312301
In base 14, what is 3 - 583a26?
-583a23
In base 12, what is b8a03 - b?
b89b4
In base 9, what is -10074038 + -8?
-10074047
In base 6, what is -550235 + 5225?
-541010
In base 4, what is 